 when 14 is divided by d(-16)?
6
Suppose -2*j = 2*j - 16. Suppose 0*m - 2*m - d + 13 = 0, 0 = m + d - 7. Let i = m + -1. Calculate the remainder when i is divided by j.
1
Suppose -2 = -3*l + 34. Let x = 23 - l. What is the remainder when x is divided by 3?
2
Let a = -119 - -155. What is the remainder when a is divided by 10?
6
Let x(d) = 2*d**2 + 4*d. Let m be x(4). Suppose 3*i + m = 7*i. What is the remainder when 57 is divided by i?
9
Let s = 62 - 47. What is the remainder when 56 is divided by s?
11
Let o = -34 + 32. Let l be 1 - (-3)/(6/(-4)). Calculate the remainder when (-2 - o) + l - -68 is divided by 23.
21
Let z = 23 - 0. Calculate the remainder when z is divided by (-1)/3 + (-25)/(-3).
7
Suppose -474 = -0*c - 3*c. Calculate the remainder when c is divided by 20.
18
Let n(p) = 2*p**2 - 7*p + 2. Calculate the remainder when n(-5) is divided by 22.
21
Let i(q) = q + 42. Calculate the remainder when 46 is divided by i(-18).
22
Let l = 18 + -2. What is the remainder when 44 is divided by l?
12
Let u(r) = -r**3 - 11*r**2 + 13. Calculate the remainder when u(-11) is divided by (-11)/(-3) + (-6)/(-18).
1
Calculate the remainder when 32 is divided by ((-198)/45)/((-2)/5).
10
Suppose -3*g = -45 - 51. Suppose 8*n - g = 4*n + 5*m, 0 = 4*m. Let f(c) = c**3 - 12*c**2 + 10*c + 16. Calculate the remainder when n is divided by f(11).
3
Let j(m) = -m**2 + 8*m - 2. Let l be j(4). Let g = -5 + l. What is the remainder when g is divided by 3?
0
Let j = -35 - -63. Calculate the remainder when 110 is divided by j.
26
Suppose 2*j - 4*j = -6. Let m be ((-10)/j)/(6/45). Let p = -11 - m. What is the remainder when 41 is divided by p?
13
Suppose 2*m + m = -3*t + 57, -25 = 5*t. What is the remainder when m - (3 - 2 - -1) is divided by (-24)/(-3)*(-2)/(-2)?
6
Let a = 48 + -34. Suppose 3*k + 3*l = 63, k + 2*l - 36 = 4*l. What is the remainder when k is divided by a?
12
Let g = 133 - 193. Let x = -37 - g. What is the remainder when ((-201)/(-6))/((-1)/(-2)) is divided by x?
21
Suppose 0 + 8 = -4*n. What is the remainder when (58/(-6))/(n/6) is divided by 8?
5
Calculate the remainder when (-47)/(-2) + -3*(-4)/24 is divided by 13.
11
Suppose 0 = g + 14 + 15. Let o = -14 - g. Let s = 72 + -44. Calculate the remainder when s is divided by o.
13
Let v(k) = -k**2 - 17*k - 22. What is the remainder when 21 is divided by v(-15)?
5
Let d(a) = 6*a - 2. Let i = -3 - -50. What is the remainder when i is divided by d(3)?
15
Let v be 0 + 8 - (-6)/(-3). Let f(r) = r**3 - 4*r**2 - 7*r - 4. Let d = -32 - -46. What is the remainder when f(v) is divided by d?
12
Suppose 3*n = -v - 37 - 2, n + 2*v = -8. Suppose 0 = -0*w + 2*w + 46. Let h = n - w. What is the remainder when 25 is divided by h?
7
Let i(o) = 3*o**2 - 6*o - 4. What is the remainder when i(5) is divided by 11?
8
Suppose 5*m = -2*c - 780, 2*m + 515 = 4*c + 203. What is the remainder when (-10)/55 + m/(-11) is divided by 4?
2
Let a(y) = y**3 + 13*y**2 - 15*y + 14. Suppose 0 = -2*l - 21 - 7. What is the remainder when 81 is divided by a(l)?
25
Calculate the remainder when 21 is divided by 1/((28/16)/7).
1
Let f(g) = -g**2 - g + 46. Calculate the remainder when 58 is divided by f(-7).
2
Let v = 3 - -4. Suppose v = 2*s - 3. Calculate the remainder when s is divided by 3/12 - 14/(-8).
1
Suppose 0 = 3*w - 6, 2*w = -2*a + 69 - 19. Let y = -98 - -68. Let d = y + 42. Calculate the remainder when a is divided by d.
11
Let f = 1 - -2. Suppose 2*q - 5*g = -2*g + 16, 4*g + 10 = -f*q. Calculate the remainder when 5 is divided by q.
1
Suppose i + 2*f + 29 = 4*i, -5*i = -2*f - 51. Calculate the remainder when (-20)/8*(-86)/5 is divided by i.
10
Calculate the remainder when 44 is divided by (1 + 23)/(21/14).
12
What is the remainder when 49 is divided by (-1)/2 + 1 - 450/(-36)?
10
Suppose -8*i + 249 = -39. What is the remainder when 121 is divided by i?
13
Suppose -49 = -2*u - 3*y, -101 = u - 5*u - 5*y. Calculate the remainder when 114 is divided by u.
27
Suppose 0 = 18*w - 729 + 45. What is the remainder when 189 is divided by w?
37
What is the remainder when 174 is divided by (3/((-45)/10))/(1/(-54))?
30
Suppose -5*n - 13 = h, 0 = 4*h + 2*n + n + 52. Let a(j) = -j**2 - 13*j + 6. Calculate the remainder when 16 is divided by a(h).
4
Suppose -v + 3 = 3*b + 1, v - 14 = 3*b. Calculate the remainder when 19 is divided by v.
3
Suppose 3*q - 6 + 0 = 0. Calculate the remainder when q + -1 + (-7)/(-1) is divided by 5.
3
Let h(g) = 7*g**2 - 2. Let n(y) = -y**2 + y + 1. Let o(d) = h(d) + n(d). What is the remainder when o(2) is divided by 9?
7
Let s(b) = 3*b**2 - 3*b - 3. What is the remainder when s(4) is divided by 18?
15
Suppose -2*j + 0 + 8 = 0. Calculate the remainder when ((-14)/(-4))/((-1)/(-2)) is divided by j.
3
Let v(k) be the third derivative of k**5/60 + k**4/4 - 2*k**3/3 + 2*k**2. Let l be v(-6). Let j = 5 + l. What is the remainder when 1 is divided by j?
0
Suppose 0 = -7*i + 4*i - 42. Calculate the remainder when (-21)/i + 78/4 is divided by 11.
10
Suppose 3 = -3*b - 6. Let a be -3 + (-42)/1 - b. Calculate the remainder when 27 is divided by (a + 0)*(-3)/9.
13
Let y(c) = 5*c**2 + 7*c - 3. Let n(j) = -2*j**2 - 3*j + 2. Let t(h) = 7*n(h) + 3*y(h). Calculate the remainder when t(-4) is divided by 12.
9
Suppose -2*b = -7*b, 0 = 3*s - 5*b - 60. What is the remainder when 58 is divided by s?
18
Let n(b) = 9*b - 2. Let z(k) = 9*k**2 - 2*k. What is the remainder when n(3) is divided by z(1)?
4
Let o(f) = -f**3 - 5*f**2 + 7*f + 6. Let r be o(-6). What is the remainder when -12*(r + -3) - 3 is divided by 18?
15
Suppose -4*w = -2*h + 4*h - 46, -4*w + 55 = -h. Calculate the remainder when 50 is divided by w.
11
Suppose -3*z = -13 - 44. Let v(n) = -n**3 + 9*n**2 + 6*n - 18. What is the remainder when v(9) is divided by z?
17
Suppose -v = -2*g + 5*g - 50, -2*v + 72 = -g. What is the remainder when v is divided by 14?
10
What is the remainder when 3 is divided by -2*((-12)/(-8) + -2)?
0
Let w(k) = 25*k - 3. Suppose 0 = -7*z + 3*z + 8. Calculate the remainder when w(z) is divided by 12.
11
Suppose k = -5*h + 30, -2*k - 5*h + 32 = -2*h. Suppose 38 = -4*p - k. What is the remainder when 37 is divided by (-46)/(-4) - p/8?
11
Calculate the remainder when 10 is divided by (-1 + 3/4)/(2/(-56)).
3
Let g = -7 - -11. Suppose g*b = b + 15. Suppose -3*d - 63 = -b*u, -3*d - 3 = -0. Calculate the remainder when 34 is divided by u.
10
Suppose -4*w + 33 = -w. Suppose 0 = -q + w + 21. Calculate the remainder when q is divided by 17.
15
Suppose -4*m + 16 = -0*m. Suppose -4*d + 2*q + 142 = 3*q, m = 2*q. What is the remainder when d is divided by 18?
17
Suppose 4*j - 2*j + x = -65, 0 = -3*x - 9. Suppose 0*f = -f + 49. Let c = f + j. Calculate the remainder when 35 is divided by c.
17
Suppose 4*x + 0*x - 32 = 0. What is the remainder when 30 is divided by x?
6
Let h = 28 + -16. Let n(t) = t**2 + 2*t. Let l be n(-2). Let u(q) = -q**3 - q + 33. Calculate the remainder when u(l) is divided by h.
9
Suppose 3*k - 6*k = -5*h - 25, -12 = -2*k + h. Suppose -2*w + 37 = 9. What is the remainder when w is divided by k?
4
Suppose 0*i + 3*i - 15 = 0. Let y = i + -3. Suppose 0 = -4*c - y*p + 58, 3*c - 2*p = c + 26. Calculate the remainder when c is divided by 8.
6
Suppose 3*p - 34 + 1 = 0. Calculate the remainder when 30 is divided by p.
8
Let h = 22 + -11. What is the remainder when 21 is divided by h?
10
Suppose 0 = 5*v + 4*m + m - 185, -2*v = -2*m - 70. Calculate the remainder when 71 is divided by v.
35
Suppose -t = -2*t + 123. Let d = t + -82. Let o = -20 - -41. What is the remainder when d is divided by o?
20
Suppose q = 2*q - 3*d - 39, 4*q - 111 = 3*d. Calculate the remainder when q is divided by 9.
6
Let y(d) = -3*d + 10. Let s = 4 - -2. What is the remainder when y(-6) is divided by s?
4
Suppose -5*c = -24 - 6. Let x = c - -10. What is the remainder when x is divided by (9 + -6)/(2/6)?
7
Let m(b) = 3*b - 6. Let o be 2/(-7) + (-170)/(-7). Let w = o + -14. What is the remainder when w is divided by m(4)?
4
Suppose -169 = -x - 119. Calculate the remainder when x is divided by 13.
11
Let z(t) = -11*t - 13. What is the remainder when z(-9) is divided by 29?
28
Let b(a) = a**3 - 12*a**2 + 3. Let p be b(12). Suppose -2*j + 4 = -k, -p*k + 2*k = 4*j - 8. What is the remainder wh